27?
9
What is the hundreds digit of 7334?
3
What is the tens digit of 6082?
8
What is the hundreds digit of 22344?
3
What is the hundreds digit of 21723?
7
What is the tens digit of 16983?
8
What is the units digit of 2833?
3
What is the hundreds digit of 859?
8
What is the thousands digit of 1085?
1
What is the tens digit of 1935?
3
What is the units digit of 10686?
6
What is the hundreds digit of 1303?
3
What is the thousands digit of 1697?
1
What is the units digit of 32?
2
What is the thousands digit of 6229?
6
What is the units digit of 24607?
7
What is the thousands digit of 18612?
8
What is the units digit of 400?
0
What is the tens digit of 16838?
3
What is the tens digit of 1076?
7
What is the units digit of 39954?
4
What is the hundreds digit of 58784?
7
What is the units digit of 6278?
8
What is the units digit of 172?
2
What is the thousands digit of 42359?
2
What is the tens digit of 113?
1
What is the hundreds digit of 28343?
3
What is the tens digit of 696?
9
What is the units digit of 15?
5
What is the tens digit of 538?
3
What is the hundreds digit of 29794?
7
What is the units digit of 78050?
0
What is the hundreds digit of 6640?
6
What is the units digit of 1189?
9
What is the units digit of 123374?
4
What is the units digit of 4714?
4
What is the units digit of 27120?
0
What is the tens digit of 4132?
3
What is the units digit of 1125?
5
What is the units digit of 2533?
3
What is the ten thousands digit of 39184?
3
What is the hundreds digit of 6638?
6
What is the thousands digit of 5403?
5
What is the units digit of 5126?
6
What is the thousands digit of 5360?
5
What is the thousands digit of 52855?
2
What is the hundreds digit of 30737?
7
What is the hundreds digit of 2035?
0
What is the tens digit of 542?
4
What is the hundreds digit of 618?
6
What is the thousands digit of 7885?
7
What is the hundreds digit of 6210?
2
What is the units digit of 516?
6
What is the thousands digit of 31851?
1
What is the ten thousands digit of 39603?
3
What is the tens digit of 3285?
8
What is the tens digit of 148?
4
What is the ten thousands digit of 51279?
5
What is the tens digit of 53967?
6
What is the tens digit of 10888?
8
What is the units digit of 503?
3
What is the thousands digit of 8654?
8
What is the thousands digit of 80019?
0
What is the hundreds digit of 93710?
7
What is the units digit of 724?
4
What is the units digit of 2171?
1
What is the hundreds digit of 8338?
3
What is the tens digit of 48?
4
What is the units digit of 19416?
6
What is the tens digit of 23277?
7
What is the hundreds digit of 28724?
7
What is the tens digit of 1624?
2
What is the tens digit of 600?
0
What is the ten thousands digit of 158406?
5
What is the ten thousands digit of 33726?
3
What is the units digit of 1180?
0
What is the hundreds digit of 35094?
0
What is the hundreds digit of 54692?
6
What is the hundreds digit of 203?
2
What is the tens digit of 658?
5
What is the hundreds digit of 876?
8
What is the tens digit of 2526?
2
What is the hundreds digit of 1223?
2
What is the tens digit of 680?
8
What is the ten thousands digit of 33673?
3
What is the thousands digit of 82782?
2
What is the units digit of 7256?
6
What is the thousands digit of 26311?
6
What is the units digit of 51559?
9
What is the units digit of 20093?
3
What is the thousands digit of 46844?
6
What is the thousands digit of 2913?
2
What is the thousands digit of 2169?
2
What is the tens digit of 80075?
7
What is the hundreds digit of 22975?
9
What is the hundreds digit of 133589?
5
What is the hundreds digit of 4047?
0
What is the thousands digit of 3952?
3
What is the hundreds digit of 1389?
3
What is the tens digit of 6338?
3
What is the units digit of 3181?
1
What is the tens digit of 11259?
5
What is the units digit of 1912?
2
What is the hundreds digit of 228?
2
What is the ten thousands digit of 11417?
1
What is the ten thousands digit of 47549?
4
What is the tens digit of 1023?
2
What is the hundreds digit of 471?
4
What is the hundreds digit of 15938?
9
What is the hundreds digit of 46532?
5
What is the tens digit of 2537?
3
What is the hundreds digit of 479?
4
What is the tens digit of 1521?
2
What is the tens digit of 551?
5
What is the units digit of 4897?
7
What is the tens digit of 10692?
9
What is the units digit of 17260?
0
What is the thousands digit of 6479?
6
What is the hundreds digit of 6090?
0
What is the tens digit of 1863?
6
What is the hundreds digit of 61651?
6
What is the tens digit of 1107?
0
What is the units digit of 929?
9
What is the units digit of 128312?
2
What is the ten thousands digit of 20277?
2
What is the tens digit of 28525?
2
What is the hundreds digit of 40565?
5
What is the tens digit of 19150?
5
What is the units digit of 25122?
2
What is the tens digit of 5851?
5
What is the thousands digit of 115121?
5
What is the units digit of 4887?
7
What is the units digit of 1967?
7
What is the thousands digit of 10146?
0
What is the thousands digit of 6694?
6
What is the hundreds digit of 12712?
7
What is the tens digit of 4858?
5
What is the units digit of 34410?
0
What is the thousands digit of 72706?
2
What is the units digit of 615?
5
What is the hundreds digit of 2859?
8
What is the hundreds digit of 1058?
0
What is the hundreds digit of 673?
6
What is the tens digit of 211?
1
What is the thousands digit of 10564?
0
What is the hundreds digit of 334?
3
What is the thousands digit of 1671?
1
What is the tens digit of 839?
3
What is the tens digit of 1668?
6
What is the tens digit of 2036?
3
What is the thousands digit of 3522?
3
What is the thousands digit of 11839?
1
What is the units digit of 2825?
5
What is the ten thousands digit of 32491?
3
What is the units digit of 3024?
4
What is the tens digit of 1878?
7
What is the hundreds digit of 1609?
6
What is the units digit of 47099?
9
What is the hundreds digit of 17199?
1
What is the tens digit of 148362?
6
What is the units digit of 167?
7
What is the ten thousands digit of 23062?
2
What is the units digit of 717?
7
What is the tens digit of 218?
1
What is the ten thousands digit of 97216?
9
What is the tens digit of 61?
6
What is the tens digit of 39962?
6
What is the tens digit of 2439?
3
What is the tens digit of 148?
4
What is the tens digit of 42359?
5
What is the thousands digit of 5296?
5
What is the tens digit of 6079?
7
What is the tens digit of 12928?
2
What is the tens digit of 101205?
0
What is the tens digit of 6493?
9
What is the thousands digit of 9910?
9
What is the units digit of 1027?
7
What is the units digit of 40?
0
What is the hundreds digit of 1061?
0
What is the tens digit of 3240?
4
What is the tens digit of 7941?
4
What is the hundreds digit of 3733?
7
What is the units digit of 168152?
2
What is the thousands digit of 8938?
8
What is the units digit of 11649?
9
What is the thousands digit of 46646?
6
What is the units digit of 1651?
1
What is the tens digit of 178?
7
What is the thousands digit of 163129?
3
What is the thousands digit of 115112?
5
What is the units digit of 16538?
8
What is the thousands digit of 19091?
9
What is the hundreds digit of 1551?
5
What is the hundreds digit of 21575?
5
What is the units digit of 961?
1
What is the thousands digit of 2220?
2
What is the tens digit of 5165?
6
What is the tens digit of 7004?
0
What is the tens digit of 47182?
8
What is the thousands digit of 2348?
2
What is the thousands digit of 3463?
3
What is the thousands digit of 17275?
7
What is the hundreds digit of 10543?
5
What is the units digit of 599?
9
What is the units digit of 29323?
3
What is the ten thousands digit of 22057?
2
What is the units digit of 1916?
6
What is the thousands digit of 3305?
3
What is the hundreds digit of 196?
1
What is the tens digit of 955?
5
What is the thousands digit of 10958?
0
What is the tens digit of 3543?
4
What is the hundreds digit of 23994?
9
What is the units digit of 2240?
0
What is the hundreds digit of 9529?
5
What is the units digit of 7951?
1
What is the units digit of 1002?
2
What is the units digit of 876?
6
What is the hundreds digit of 31194?
1
What is the tens digit of 149797?
9
What is the units digit of 11210?
0
What is the thousands digit of 1838?
1
What is the hundreds digit of 1298?
2
Wha